{"id":694,"date":"2020-07-05T13:38:51","date_gmt":"2020-07-05T13:38:51","guid":{"rendered":"https:\/\/feuerwehr-kollnburg.de\/?page_id=694"},"modified":"2020-11-06T17:37:50","modified_gmt":"2020-11-06T17:37:50","slug":"einsaetze-2017","status":"publish","type":"page","link":"https:\/\/feuerwehr-kollnburg.de\/?page_id=694","title":{"rendered":"Eins\u00e4tze 2017"},"content":{"rendered":"\n<h4 class=\"wp-block-heading\">Drei Brandeins\u00e4tze<\/h4>\n\n\n\n<figure class=\"wp-block-table is-style-regular\"><table class=\"\"><tbody><tr><td>01.06.2020<\/td><td>Brand einer Scheune bei Ayrhof<\/td><\/tr><tr><td>19.06.2017<\/td><td>Brand eines Bauernhofs in Rattenberg, bei dem die Feuerwehr Kollnburg mit Atemschutzger\u00e4ten, bei der Atemschutz\u00fcberwachung und der L\u00f6schwasserf\u00f6rderung unterst\u00fctzt hatte<\/td><\/tr><tr><td>19.10.2017<\/td><td>Brand Industriehalle in Viechtach, bei dem durch das schnelle Handeln der Betriebsfeuerwehr der Einsatz der FFW Kollnburg nicht mehr erforderlich war<\/td><\/tr><\/tbody><\/table><\/figure>\n\n\n\n<h4 class=\"wp-block-heading\">21 Technische Hilfeleistungen<\/h4>\n\n\n\n<figure class=\"wp-block-table is-style-regular\"><table class=\"\"><tbody><tr><td>06.06.2017<\/td><td>Verkehrsunfall mit eingeklemmter Person auf der ST 2139 h\u00f6he Windsprach, da sich nach der Erkundung herausstellte dass das Unfallopfer nicht eingeklemmt war, wurde der Rettungsdienst unterst\u00fctzt und der Verkehr an der Unfallstelle vorbeigeleitet<\/td><\/tr><tr><td>08.06.2017<\/td><td>Kind eingeklemmt in Maschine in Gr\u00fcn bei St. Englmar, der Einsatz der Feuerwehr Kollnburg war nicht erforderlich da das Kind durch die \u00d6rtliche Feuerwehr befreit wurde <\/td><\/tr><tr><td>11.06.2017<\/td><td>Verkehrsregelung zum Oldtimertreffen in Kollnburg<\/td><\/tr><tr><td>16.06.2017<\/td><td>Wohnungs\u00f6ffnung in St. Englmar, wo der Bewohner Leblos vorgefunden wurde<\/td><\/tr><tr><td>20.07.2017<\/td><td>\u00d6lspur zwischen Sedlhof und Berging, die mit den Kameraden der Feuerwehr Rechertsried beseitigt wurde<\/td><\/tr><tr><td>25.08.2017<\/td><td>Wohnungs\u00f6ffnung in St. Englmar, wo der Bewohner Wohlauf war<\/td><\/tr><tr><td>29.08.2017<\/td><td>Sichern einer Wohnung unter Atemschutz in Kollnburg, als Amtshilfe f\u00fcr die Gemeinde<\/td><\/tr><tr><td>29.08.2017<\/td><td>First Responder Einsatz in Kollnburg, mit Unterst\u00fctzung des Rettungsdienstes<\/td><\/tr><tr><td>04.09.2017<\/td><td>Wohnungs\u00f6ffnung in St. Englmar, wo eine \u00e4ltere Dame hinter der T\u00fcr gest\u00fcrzt ist und verletzt war<\/td><\/tr><tr><td>25.09.2017<\/td><td>Person in Bus \u2013 T\u00fcr eingeklemmt in Klingldorf, diese wurde durch Passanten befreit, die Feuerwehr Kollnburg wurde auf der Anfahrt Abbestellt<\/td><\/tr><tr><td>14.10.2017<\/td><td>\u00d6lspur in Kollnburg, von der Riedbachstrasse bis zu Einfahrt in die ST 2139<\/td><\/tr><tr><td>24.10.2017<\/td><td>Wassertransport f\u00fcr die Gemeinde nach M\u00fcnchsh\u00f6fen<\/td><\/tr><tr><td>10.11.2017<\/td><td>Verkehrsregelung zum Martinszug in Kollnburg<\/td><\/tr><tr><td>16.11.2017<\/td><td>Verkehrsunfall in der Rechertsriederstrasse, mit 3 Schwerverletzten davon waren 2 schwer im PKW eingeklemmt<\/td><\/tr><tr><td>23.12.2017<\/td><td>\u00d6lspur auf der ST 2139 h\u00f6he Reichsdorf<\/td><\/tr><tr><td>18.01.2018<\/td><td>Baum \u00fcber Fahrbahn auf der ST 2139<\/td><\/tr><tr><td>21.01.2018<\/td><td>Mehrere B\u00e4ume \u00fcber Fahrbahn auf der ST 2139 und der Gemeindeverbindungsstrasse nach Hinterviechtach durch die gro\u00dfe Schneelast<\/td><\/tr><tr><td>22.01.2018<\/td><td>Baum \u00fcber Fahrbahn auf der ST 2139 h\u00f6he Abzweigung Hinterviechtach ebenfalls durch die gro\u00dfe Schneelast<\/td><\/tr><tr><td>30.01.2018<\/td><td>Wohnungs\u00f6ffnung in St. Englmar, hier wurden wir auf der Anfahrt abbestellt<\/td><\/tr><tr><td>11.02.2018<\/td><td>Verkehrsregelung zum Faschingszug<\/td><\/tr><tr><td>25.02.2018<\/td><td>Verkehrsunfall auf der ST 2139 H\u00f6he Abzw. Hinterviechtach mit 2 PKW und 4 leicht Verletzten<\/td><\/tr><\/tbody><\/table><\/figure>\n","protected":false},"excerpt":{"rendered":"<p>Drei Brandeins\u00e4tze 01.06.2020 Brand einer Scheune bei Ayrhof 19.06.2017 Brand eines Bauernhofs in Rattenberg, bei dem die Feuerwehr Kollnburg mit Atemschutzger\u00e4ten, bei der Atemschutz\u00fcberwachung und der L\u00f6schwasserf\u00f6rderung unterst\u00fctzt hatte 19.10.2017 Brand Industriehalle in Viechtach, bei dem durch das schnelle Handeln der Betriebsfeuerwehr der Einsatz der FFW Kollnburg nicht mehr erforderlich war 21 Technische Hilfeleistungen 06.06.2017 [&hellip;]<\/p>\n","protected":false},"author":1,"featured_media":0,"parent":514,"menu_order":0,"comment_status":"closed","ping_status":"closed","template":"","meta":{"_genesis_hide_title":false,"_genesis_hide_breadcrumbs":false,"_genesis_hide_singular_image":false,"_genesis_hide_footer_widgets":false,"_genesis_custom_body_class":"","_genesis_custom_post_class":"","_genesis_layout":"full-width-content","footnotes":""},"class_list":{"0":"post-694","1":"page","2":"type-page","3":"status-publish","5":"entry"},"featured_image_src":null,"featured_image_src_square":null,"_links":{"self":[{"href":"https:\/\/feuerwehr-kollnburg.de\/index.php?rest_route=\/wp\/v2\/pages\/694","targetHints":{"allow":["GET"]}}],"collection":[{"href":"https:\/\/feuerwehr-kollnburg.de\/index.php?rest_route=\/wp\/v2\/pages"}],"about":[{"href":"https:\/\/feuerwehr-kollnburg.de\/index.php?rest_route=\/wp\/v2\/types\/page"}],"author":[{"embeddable":true,"href":"https:\/\/feuerwehr-kollnburg.de\/index.php?rest_route=\/wp\/v2\/users\/1"}],"replies":[{"embeddable":true,"href":"https:\/\/feuerwehr-kollnburg.de\/index.php?rest_route=%2Fwp%2Fv2%2Fcomments&post=694"}],"version-history":[{"count":3,"href":"https:\/\/feuerwehr-kollnburg.de\/index.php?rest_route=\/wp\/v2\/pages\/694\/revisions"}],"predecessor-version":[{"id":703,"href":"https:\/\/feuerwehr-kollnburg.de\/index.php?rest_route=\/wp\/v2\/pages\/694\/revisions\/703"}],"up":[{"embeddable":true,"href":"https:\/\/feuerwehr-kollnburg.de\/index.php?rest_route=\/wp\/v2\/pages\/514"}],"wp:attachment":[{"href":"https:\/\/feuerwehr-kollnburg.de\/index.php?rest_route=%2Fwp%2Fv2%2Fmedia&parent=694"}],"curies":[{"name":"wp","href":"https:\/\/api.w.org\/{rel}","templated":true}]}}

Einsätze 2017

<h4 class="wp-block-heading">Drei Brandeinsätze</h4>



<figure class="wp-block-table is-style-regular"><table class=""><tbody><tr><td>01.06.2020</td><td>Brand einer Scheune bei Ayrhof</td></tr><tr><td>19.06.2017</td><td>Brand eines Bauernhofs in Rattenberg, bei dem die Feuerwehr Kollnburg mit Atemschutzgeräten, bei der Atemschutzüberwachung und der Löschwasserförderung unterstützt hatte</td></tr><tr><td>19.10.2017</td><td>Brand Industriehalle in Viechtach, bei dem durch das schnelle Handeln der Betriebsfeuerwehr der Einsatz der FFW Kollnburg nicht mehr erforderlich war</td></tr></tbody></table></figure>



<h4 class="wp-block-heading">21 Technische Hilfeleistungen</h4>



<figure class="wp-block-table is-style-regular"><table class=""><tbody><tr><td>06.06.2017</td><td>Verkehrsunfall mit eingeklemmter Person auf der ST 2139 höhe Windsprach, da sich nach der Erkundung herausstellte dass das Unfallopfer nicht eingeklemmt war, wurde der Rettungsdienst unterstützt und der Verkehr an der Unfallstelle vorbeigeleitet</td></tr><tr><td>08.06.2017</td><td>Kind eingeklemmt in Maschine in Grün bei St. Englmar, der Einsatz der Feuerwehr Kollnburg war nicht erforderlich da das Kind durch die Örtliche Feuerwehr befreit wurde </td></tr><tr><td>11.06.2017</td><td>Verkehrsregelung zum Oldtimertreffen in Kollnburg</td></tr><tr><td>16.06.2017</td><td>Wohnungsöffnung in St. Englmar, wo der Bewohner Leblos vorgefunden wurde</td></tr><tr><td>20.07.2017</td><td>Ölspur zwischen Sedlhof und Berging, die mit den Kameraden der Feuerwehr Rechertsried beseitigt wurde</td></tr><tr><td>25.08.2017</td><td>Wohnungsöffnung in St. Englmar, wo der Bewohner Wohlauf war</td></tr><tr><td>29.08.2017</td><td>Sichern einer Wohnung unter Atemschutz in Kollnburg, als Amtshilfe für die Gemeinde</td></tr><tr><td>29.08.2017</td><td>First Responder Einsatz in Kollnburg, mit Unterstützung des Rettungsdienstes</td></tr><tr><td>04.09.2017</td><td>Wohnungsöffnung in St. Englmar, wo eine ältere Dame hinter der Tür gestürzt ist und verletzt war</td></tr><tr><td>25.09.2017</td><td>Person in Bus – Tür eingeklemmt in Klingldorf, diese wurde durch Passanten befreit, die Feuerwehr Kollnburg wurde auf der Anfahrt Abbestellt</td></tr><tr><td>14.10.2017</td><td>Ölspur in Kollnburg, von der Riedbachstrasse bis zu Einfahrt in die ST 2139</td></tr><tr><td>24.10.2017</td><td>Wassertransport für die Gemeinde nach Münchshöfen</td></tr><tr><td>10.11.2017</td><td>Verkehrsregelung zum Martinszug in Kollnburg</td></tr><tr><td>16.11.2017</td><td>Verkehrsunfall in der Rechertsriederstrasse, mit 3 Schwerverletzten davon waren 2 schwer im PKW eingeklemmt</td></tr><tr><td>23.12.2017</td><td>Ölspur auf der ST 2139 höhe Reichsdorf</td></tr><tr><td>18.01.2018</td><td>Baum über Fahrbahn auf der ST 2139</td></tr><tr><td>21.01.2018</td><td>Mehrere Bäume über Fahrbahn auf der ST 2139 und der Gemeindeverbindungsstrasse nach Hinterviechtach durch die große Schneelast</td></tr><tr><td>22.01.2018</td><td>Baum über Fahrbahn auf der ST 2139 höhe Abzweigung Hinterviechtach ebenfalls durch die große Schneelast</td></tr><tr><td>30.01.2018</td><td>Wohnungsöffnung in St. Englmar, hier wurden wir auf der Anfahrt abbestellt</td></tr><tr><td>11.02.2018</td><td>Verkehrsregelung zum Faschingszug</td></tr><tr><td>25.02.2018</td><td>Verkehrsunfall auf der ST 2139 Höhe Abzw. Hinterviechtach mit 2 PKW und 4 leicht Verletzten</td></tr></tbody></table></figure>

<p>Drei Brandeinsätze 01.06.2020 Brand einer Scheune bei Ayrhof 19.06.2017 Brand eines Bauernhofs in Rattenberg, bei dem die Feuerwehr Kollnburg mit Atemschutzgeräten, bei der Atemschutzüberwachung und der Löschwasserförderung unterstützt hatte 19.10.2017 Brand Industriehalle in Viechtach, bei dem durch das schnelle Handeln der Betriebsfeuerwehr der Einsatz der FFW Kollnburg nicht mehr erforderlich war 21 Technische Hilfeleistungen 06.06.2017 [&hellip;]</p>
