{"id":4999,"date":"2023-12-27T13:08:24","date_gmt":"2023-12-27T13:08:24","guid":{"rendered":"https:\/\/feuerwehr-kollnburg.de\/?page_id=4999"},"modified":"2023-12-27T13:08:29","modified_gmt":"2023-12-27T13:08:29","slug":"aktuelles-2023-verein-archiv","status":"publish","type":"page","link":"https:\/\/feuerwehr-kollnburg.de\/?page_id=4999","title":{"rendered":"Aktuelles 2023 Verein &#8211; Archiv"},"content":{"rendered":"<section id=\"category-posts-28\" class=\"widget cat-post-widget amr_widget\"><div class=\"widget-wrap\"><ul id=\"category-posts-28-internal\" class=\"category-posts-internal\">\n<li class='cat-post-item'><div><a class=\"cat-post-title\" href=\"https:\/\/feuerwehr-kollnburg.de\/?p=5024\" rel=\"bookmark\">Jahresr\u00fcckblick 2023<\/a>\r<\/div><div>\n<a class=\"cat-post-thumbnail cat-post-none\" href=\"https:\/\/feuerwehr-kollnburg.de\/?p=5024\" title=\"Jahresr\u00fcckblick 2023\"><span class=\"cat-post-crop cat-post-format cat-post-format-standard\"><img loading=\"lazy\" decoding=\"async\" width=\"150\" height=\"150\" src=\"https:\/\/feuerwehr-kollnburg.de\/wp-content\/uploads\/2023\/12\/31-12-2023-150x150.jpg\" class=\"attachment-thumbnail size-thumbnail wp-post-image\" alt=\"\" data-cat-posts-width=\"150\" data-cat-posts-height=\"150\" \/><\/span><\/a>\r\n<p class=\"cpwp-excerpt-text\">Wir w\u00fcnschen euch allen einen guten Rutsch ins Jahr 2024!<\/p><\/div><\/li><li class='cat-post-item'><div><a class=\"cat-post-title\" href=\"https:\/\/feuerwehr-kollnburg.de\/?p=4796\" rel=\"bookmark\">150 Jahre FFW Kollnburg: \u00dcbung Seigwie\u00df 1981<\/a>\r<\/div><div>\n<a class=\"cat-post-thumbnail cat-post-none\" href=\"https:\/\/feuerwehr-kollnburg.de\/?p=4796\" title=\"150 Jahre FFW Kollnburg: \u00dcbung Seigwie\u00df 1981\"><span class=\"cat-post-crop cat-post-format cat-post-format-standard\"><img loading=\"lazy\" decoding=\"async\" width=\"150\" height=\"150\" src=\"https:\/\/feuerwehr-kollnburg.de\/wp-content\/uploads\/2023\/08\/Vorschau_Seigwies-150x150.jpg\" class=\"attachment-thumbnail size-thumbnail wp-post-image\" alt=\"\" data-cat-posts-width=\"150\" data-cat-posts-height=\"150\" \/><\/span><\/a>\r\n<p class=\"cpwp-excerpt-text\">\u00dcbung Seigwie\u00df 1981<\/p><\/div><\/li><li class='cat-post-item'><div><a class=\"cat-post-title\" href=\"https:\/\/feuerwehr-kollnburg.de\/?p=4782\" rel=\"bookmark\">150 Jahre Feuerwehr Kollnburg: Zeltaufbau Teil 2<\/a>\r<\/div><div>\n<a class=\"cat-post-thumbnail cat-post-none\" href=\"https:\/\/feuerwehr-kollnburg.de\/?p=4782\" title=\"150 Jahre Feuerwehr Kollnburg: Zeltaufbau Teil 2\"><span class=\"cat-post-crop cat-post-format cat-post-format-standard\"><img loading=\"lazy\" decoding=\"async\" width=\"150\" height=\"150\" src=\"https:\/\/feuerwehr-kollnburg.de\/wp-content\/uploads\/2023\/07\/Foto_10-150x150.jpg\" class=\"attachment-thumbnail size-thumbnail wp-post-image\" alt=\"\" data-cat-posts-width=\"150\" data-cat-posts-height=\"150\" \/><\/span><\/a>\r\n<p class=\"cpwp-excerpt-text\">Zeltaufbau Teil 2<\/p><\/div><\/li><li class='cat-post-item'><div><a class=\"cat-post-title\" href=\"https:\/\/feuerwehr-kollnburg.de\/?p=4769\" rel=\"bookmark\">150 Jahre FFW Kollnburg: Zeltaufbau Teil 1<\/a>\r<\/div><div>\n<a class=\"cat-post-thumbnail cat-post-none\" href=\"https:\/\/feuerwehr-kollnburg.de\/?p=4769\" title=\"150 Jahre FFW Kollnburg: Zeltaufbau Teil 1\"><span class=\"cat-post-crop cat-post-format cat-post-format-standard\"><img loading=\"lazy\" decoding=\"async\" width=\"150\" height=\"150\" src=\"https:\/\/feuerwehr-kollnburg.de\/wp-content\/uploads\/2023\/07\/Zeilt_3-150x150.jpg\" class=\"attachment-thumbnail size-thumbnail wp-post-image\" alt=\"\" data-cat-posts-width=\"150\" data-cat-posts-height=\"150\" \/><\/span><\/a>\r\n<p class=\"cpwp-excerpt-text\">150 Jahre FFW Kollnburg: Zeltaufbau Teil 1<\/p><\/div><\/li><li class='cat-post-item'><div><a class=\"cat-post-title\" href=\"https:\/\/feuerwehr-kollnburg.de\/?p=4745\" rel=\"bookmark\">150 Jahre FFW Kollnburg<\/a>\r<\/div><div>\n<a class=\"cat-post-thumbnail cat-post-none\" href=\"https:\/\/feuerwehr-kollnburg.de\/?p=4745\" title=\"150 Jahre FFW Kollnburg\"><span class=\"cat-post-crop cat-post-format cat-post-format-standard\"><img loading=\"lazy\" decoding=\"async\" width=\"150\" height=\"150\" src=\"https:\/\/feuerwehr-kollnburg.de\/wp-content\/uploads\/2023\/07\/Vidoe-150x150.jpg\" class=\"attachment-thumbnail size-thumbnail wp-post-image\" alt=\"\" data-cat-posts-width=\"150\" data-cat-posts-height=\"150\" \/><\/span><\/a>\r\n<p class=\"cpwp-excerpt-text\">Videos zum Heimatfest<\/p><\/div><\/li><li class='cat-post-item'><div><a class=\"cat-post-title\" href=\"https:\/\/feuerwehr-kollnburg.de\/?p=4737\" rel=\"bookmark\">150 Jahre Feuerwehr Kollnburg: Bandtr\u00e4gerinnen<\/a>\r<\/div><div>\n<a class=\"cat-post-thumbnail cat-post-none\" href=\"https:\/\/feuerwehr-kollnburg.de\/?p=4737\" title=\"150 Jahre Feuerwehr Kollnburg: Bandtr\u00e4gerinnen\"><span class=\"cat-post-crop cat-post-format cat-post-format-standard\"><img loading=\"lazy\" decoding=\"async\" width=\"150\" height=\"150\" src=\"https:\/\/feuerwehr-kollnburg.de\/wp-content\/uploads\/2023\/07\/Bandtraegerinnen-150x150.jpg\" class=\"attachment-thumbnail size-thumbnail wp-post-image\" alt=\"\" data-cat-posts-width=\"150\" data-cat-posts-height=\"150\" \/><\/span><\/a>\r\n<p class=\"cpwp-excerpt-text\">Heute stellen wir euch unsere Bandtr\u00e4gerinnen vor<\/p><\/div><\/li><li class='cat-post-item'><div><a class=\"cat-post-title\" href=\"https:\/\/feuerwehr-kollnburg.de\/?p=4725\" rel=\"bookmark\">Vorstandschaft und L\u00f6schmeisterausschuss<\/a>\r<\/div><div>\n<a class=\"cat-post-thumbnail cat-post-none\" href=\"https:\/\/feuerwehr-kollnburg.de\/?p=4725\" title=\"Vorstandschaft und L\u00f6schmeisterausschuss\"><span class=\"cat-post-crop cat-post-format cat-post-format-standard\"><img loading=\"lazy\" decoding=\"async\" width=\"150\" height=\"150\" src=\"https:\/\/feuerwehr-kollnburg.de\/wp-content\/uploads\/2023\/07\/Foto_1-150x150.jpg\" class=\"attachment-thumbnail size-thumbnail wp-post-image\" alt=\"\" data-cat-posts-width=\"150\" data-cat-posts-height=\"150\" \/><\/span><\/a>\r\n<p class=\"cpwp-excerpt-text\">150 Jahre Feuerwehr Kollnburg: Vorstandschaft und L\u00f6schmeisterausschuss<\/p><\/div><\/li><li class='cat-post-item'><div><a class=\"cat-post-title\" href=\"https:\/\/feuerwehr-kollnburg.de\/?p=4717\" rel=\"bookmark\">Patenverein FFW Rechertsried<\/a>\r<\/div><div>\n<a class=\"cat-post-thumbnail cat-post-none\" href=\"https:\/\/feuerwehr-kollnburg.de\/?p=4717\" title=\"Patenverein FFW Rechertsried\"><span class=\"cat-post-crop cat-post-format cat-post-format-standard\"><img loading=\"lazy\" decoding=\"async\" width=\"150\" height=\"150\" src=\"https:\/\/feuerwehr-kollnburg.de\/wp-content\/uploads\/2023\/07\/FFW_Rechertsried-150x150.jpg\" class=\"attachment-thumbnail size-thumbnail wp-post-image\" alt=\"\" data-cat-posts-width=\"150\" data-cat-posts-height=\"150\" \/><\/span><\/a>\r\n<p class=\"cpwp-excerpt-text\">150 Jahre FFW Kollnburg: Patenverein FFW Rechertsried<\/p><\/div><\/li><li class='cat-post-item'><div><a class=\"cat-post-title\" href=\"https:\/\/feuerwehr-kollnburg.de\/?p=4710\" rel=\"bookmark\">Festausschuss: 150 Jahre Feuerwehr Kollnburg<\/a>\r<\/div><div>\n<a class=\"cat-post-thumbnail cat-post-none\" href=\"https:\/\/feuerwehr-kollnburg.de\/?p=4710\" title=\"Festausschuss: 150 Jahre Feuerwehr Kollnburg\"><span class=\"cat-post-crop cat-post-format cat-post-format-standard\"><img loading=\"lazy\" decoding=\"async\" width=\"150\" height=\"150\" src=\"https:\/\/feuerwehr-kollnburg.de\/wp-content\/uploads\/2023\/06\/Festausschuss-150x150.jpg\" class=\"attachment-thumbnail size-thumbnail wp-post-image\" alt=\"\" data-cat-posts-width=\"150\" data-cat-posts-height=\"150\" \/><\/span><\/a>\r\n<p class=\"cpwp-excerpt-text\">Festausschuss Heimat- und 150-j\u00e4hriges Gr\u00fcndungsfest<\/p><\/div><\/li><li class='cat-post-item'><div><a class=\"cat-post-title\" href=\"https:\/\/feuerwehr-kollnburg.de\/?p=4693\" rel=\"bookmark\">150 Jahre FFW Kollnburg: Mitglieder<\/a>\r<\/div><div>\n<a class=\"cat-post-thumbnail cat-post-none\" href=\"https:\/\/feuerwehr-kollnburg.de\/?p=4693\" title=\"150 Jahre FFW Kollnburg: Mitglieder\"><span class=\"cat-post-crop cat-post-format cat-post-format-standard\"><img loading=\"lazy\" decoding=\"async\" width=\"150\" height=\"150\" src=\"https:\/\/feuerwehr-kollnburg.de\/wp-content\/uploads\/2023\/06\/Mitglieder-150x150.jpg\" class=\"attachment-thumbnail size-thumbnail wp-post-image\" alt=\"\" data-cat-posts-width=\"150\" data-cat-posts-height=\"150\" \/><\/span><\/a>\r\n<p class=\"cpwp-excerpt-text\">Mitglieder<\/p><\/div><\/li><li class='cat-post-item'><div><a class=\"cat-post-title\" href=\"https:\/\/feuerwehr-kollnburg.de\/?p=4676\" rel=\"bookmark\">150 Jahre Feuerwehr Kollnburg: Aktuelle Fahrzeuge<\/a>\r<\/div><div>\n<a class=\"cat-post-thumbnail cat-post-none\" href=\"https:\/\/feuerwehr-kollnburg.de\/?p=4676\" title=\"150 Jahre Feuerwehr Kollnburg: Aktuelle Fahrzeuge\"><span class=\"cat-post-crop cat-post-format cat-post-format-standard\"><img loading=\"lazy\" decoding=\"async\" width=\"150\" height=\"150\" src=\"https:\/\/feuerwehr-kollnburg.de\/wp-content\/uploads\/2023\/06\/aktuelle_Fahrzeuge_2-150x150.jpg\" class=\"attachment-thumbnail size-thumbnail wp-post-image\" alt=\"\" data-cat-posts-width=\"150\" data-cat-posts-height=\"150\" \/><\/span><\/a>\r\n<p class=\"cpwp-excerpt-text\">aktuelle Fahrzeuge<\/p><\/div><\/li><li class='cat-post-item'><div><a class=\"cat-post-title\" href=\"https:\/\/feuerwehr-kollnburg.de\/?p=4659\" rel=\"bookmark\">150 Jahre &#8211; Einsatzfahrzeuge<\/a>\r<\/div><div>\n<a class=\"cat-post-thumbnail cat-post-none\" href=\"https:\/\/feuerwehr-kollnburg.de\/?p=4659\" title=\"150 Jahre &#8211; Einsatzfahrzeuge\"><span class=\"cat-post-crop cat-post-format cat-post-format-standard\"><img loading=\"lazy\" decoding=\"async\" width=\"150\" height=\"150\" src=\"https:\/\/feuerwehr-kollnburg.de\/wp-content\/uploads\/2023\/06\/Fz_2-150x150.jpg\" class=\"attachment-thumbnail size-thumbnail wp-post-image\" alt=\"\" data-cat-posts-width=\"150\" data-cat-posts-height=\"150\" \/><\/span><\/a>\r\n<p class=\"cpwp-excerpt-text\">Geschichte der Einsatzfahrzeuge<\/p><\/div><\/li><li class='cat-post-item'><div><a class=\"cat-post-title\" href=\"https:\/\/feuerwehr-kollnburg.de\/?p=4649\" rel=\"bookmark\">Generalprobe f\u00fcr&#8217;s Gr\u00fcndungsfest<\/a>\r<\/div><div>\n<a class=\"cat-post-thumbnail cat-post-none\" href=\"https:\/\/feuerwehr-kollnburg.de\/?p=4649\" title=\"Generalprobe f\u00fcr&#8217;s Gr\u00fcndungsfest\"><span class=\"cat-post-crop cat-post-format cat-post-format-standard\"><img loading=\"lazy\" decoding=\"async\" width=\"150\" height=\"150\" src=\"https:\/\/feuerwehr-kollnburg.de\/wp-content\/uploads\/2023\/06\/Old_4-150x150.jpg\" class=\"attachment-thumbnail size-thumbnail wp-post-image\" alt=\"\" data-cat-posts-width=\"150\" data-cat-posts-height=\"150\" \/><\/span><\/a>\r\n<p class=\"cpwp-excerpt-text\">Zeltaufbau der Oldtimerfreunde Kollnburg<\/p><\/div><\/li><li class='cat-post-item'><div><a class=\"cat-post-title\" href=\"https:\/\/feuerwehr-kollnburg.de\/?p=4656\" rel=\"bookmark\">150 Jahre Feuerwehr Kollnburg<\/a>\r<\/div><div>\n<a class=\"cat-post-thumbnail cat-post-none\" href=\"https:\/\/feuerwehr-kollnburg.de\/?p=4656\" title=\"150 Jahre Feuerwehr Kollnburg\"><span class=\"cat-post-crop cat-post-format cat-post-format-standard\"><img loading=\"lazy\" decoding=\"async\" width=\"150\" height=\"150\" src=\"https:\/\/feuerwehr-kollnburg.de\/wp-content\/uploads\/2023\/06\/Banner-150x150.jpg\" class=\"attachment-thumbnail size-thumbnail wp-post-image\" alt=\"\" data-cat-posts-width=\"150\" data-cat-posts-height=\"150\" \/><\/span><\/a>\r\n<p class=\"cpwp-excerpt-text\">150-j\u00e4hriges Gr\u00fcndungsfest<\/p><\/div><\/li><li class='cat-post-item'><div><a class=\"cat-post-title\" href=\"https:\/\/feuerwehr-kollnburg.de\/?p=4556\" rel=\"bookmark\">Patenbitten f\u00fcr&#8217;s 150-j\u00e4hrige Gr\u00fcndungsfest<\/a>\r<\/div><div>\n<a class=\"cat-post-thumbnail cat-post-none\" href=\"https:\/\/feuerwehr-kollnburg.de\/?p=4556\" title=\"Patenbitten f\u00fcr&#8217;s 150-j\u00e4hrige Gr\u00fcndungsfest\"><span class=\"cat-post-crop cat-post-format cat-post-format-standard\"><img loading=\"lazy\" decoding=\"async\" width=\"150\" height=\"150\" src=\"https:\/\/feuerwehr-kollnburg.de\/wp-content\/uploads\/2023\/04\/Foto_1-150x150.jpg\" class=\"attachment-thumbnail size-thumbnail wp-post-image\" alt=\"\" data-cat-posts-width=\"150\" data-cat-posts-height=\"150\" \/><\/span><\/a>\r\n<p class=\"cpwp-excerpt-text\">Patenbitten bei der FFW Rechertsried<\/p><\/div><\/li><li class='cat-post-item'><div><a class=\"cat-post-title\" href=\"https:\/\/feuerwehr-kollnburg.de\/?p=4546\" rel=\"bookmark\">Dienst- und Jahreshauptversammlung der Feuerwehr Kollnburg<\/a>\r<\/div><div>\n<a class=\"cat-post-thumbnail cat-post-none\" href=\"https:\/\/feuerwehr-kollnburg.de\/?p=4546\" title=\"Dienst- und Jahreshauptversammlung der Feuerwehr Kollnburg\"><span class=\"cat-post-crop cat-post-format cat-post-format-standard\"><img loading=\"lazy\" decoding=\"async\" width=\"150\" height=\"150\" src=\"https:\/\/feuerwehr-kollnburg.de\/wp-content\/uploads\/2023\/03\/Foto_1-150x150.jpg\" class=\"attachment-thumbnail size-thumbnail wp-post-image\" alt=\"\" data-cat-posts-width=\"150\" data-cat-posts-height=\"150\" \/><\/span><\/a>\r\n<p class=\"cpwp-excerpt-text\">Dienst- und Jahreshauptversammlung 2023<\/p><\/div><\/li><li class='cat-post-item'><div><a class=\"cat-post-title\" href=\"https:\/\/feuerwehr-kollnburg.de\/?p=4507\" rel=\"bookmark\">Schirmherrnbitten f\u00fcr das 150 j\u00e4hrige Gr\u00fcndungsfest<\/a>\r<\/div><div>\n<a class=\"cat-post-thumbnail cat-post-none\" href=\"https:\/\/feuerwehr-kollnburg.de\/?p=4507\" title=\"Schirmherrnbitten f\u00fcr das 150 j\u00e4hrige Gr\u00fcndungsfest\"><span class=\"cat-post-crop cat-post-format cat-post-format-standard\"><img loading=\"lazy\" decoding=\"async\" width=\"150\" height=\"150\" src=\"https:\/\/feuerwehr-kollnburg.de\/wp-content\/uploads\/2023\/02\/DSC00291-150x150.jpg\" class=\"attachment-thumbnail size-thumbnail wp-post-image\" alt=\"\" data-cat-posts-width=\"150\" data-cat-posts-height=\"150\" \/><\/span><\/a>\r\n<p class=\"cpwp-excerpt-text\">Schrimherrenbitten am 25.02.2023<\/p><\/div><\/li><li class='cat-post-item'><div><a class=\"cat-post-title\" href=\"https:\/\/feuerwehr-kollnburg.de\/?p=4471\" rel=\"bookmark\">Faschingszug 2023<\/a>\r<\/div><div>\n<a class=\"cat-post-thumbnail cat-post-none\" href=\"https:\/\/feuerwehr-kollnburg.de\/?p=4471\" title=\"Faschingszug 2023\"><span class=\"cat-post-crop cat-post-format cat-post-format-standard\"><img loading=\"lazy\" decoding=\"async\" width=\"150\" height=\"150\" src=\"https:\/\/feuerwehr-kollnburg.de\/wp-content\/uploads\/2023\/02\/Foto_7-1-150x150.jpg\" class=\"attachment-thumbnail size-thumbnail wp-post-image\" alt=\"\" data-cat-posts-width=\"150\" data-cat-posts-height=\"150\" \/><\/span><\/a>\r\n<p class=\"cpwp-excerpt-text\">Feuerwehr samt Kinderfeuerwehr auf dem Faschingszug 2023<\/p><\/div><\/li><li class='cat-post-item'><div><a class=\"cat-post-title\" href=\"https:\/\/feuerwehr-kollnburg.de\/?p=4459\" rel=\"bookmark\">Faschingsball 2023<\/a>\r<\/div><div>\n<a class=\"cat-post-thumbnail cat-post-none\" href=\"https:\/\/feuerwehr-kollnburg.de\/?p=4459\" title=\"Faschingsball 2023\"><span class=\"cat-post-crop cat-post-format cat-post-format-standard\"><img loading=\"lazy\" decoding=\"async\" width=\"150\" height=\"150\" src=\"https:\/\/feuerwehr-kollnburg.de\/wp-content\/uploads\/2023\/02\/Foto_1-2-150x150.jpg\" class=\"attachment-thumbnail size-thumbnail wp-post-image\" alt=\"\" data-cat-posts-width=\"150\" data-cat-posts-height=\"150\" \/><\/span><\/a>\r\n<p class=\"cpwp-excerpt-text\">Faschingsball 2023 nach zweij\u00e4hriger Pause<\/p><\/div><\/li><li class='cat-post-item'><div><a class=\"cat-post-title\" href=\"https:\/\/feuerwehr-kollnburg.de\/?p=4814\" rel=\"bookmark\">150 Jahre FFW Kollnburg &#8211; Programm<\/a>\r<\/div><div>\n<a class=\"cat-post-thumbnail cat-post-none\" href=\"https:\/\/feuerwehr-kollnburg.de\/?p=4814\" title=\"150 Jahre FFW Kollnburg &#8211; Programm\"><span class=\"cat-post-crop cat-post-format cat-post-format-standard\"><img loading=\"lazy\" decoding=\"async\" width=\"150\" height=\"150\" src=\"https:\/\/feuerwehr-kollnburg.de\/wp-content\/uploads\/2023\/06\/Banner-150x150.jpg\" class=\"attachment-thumbnail size-thumbnail wp-post-image\" alt=\"\" data-cat-posts-width=\"150\" data-cat-posts-height=\"150\" \/><\/span><\/a>\r\n<p class=\"cpwp-excerpt-text\">Programm des Gr\u00fcndungsfestes<\/p><\/div><\/li><\/ul>\n<\/div><\/section>\n\n","protected":false},"excerpt":{"rendered":"","protected":false},"author":1,"featured_media":0,"parent":0,"menu_order":0,"comment_status":"closed","ping_status":"closed","template":"","meta":{"_genesis_hide_title":false,"_genesis_hide_breadcrumbs":false,"_genesis_hide_singular_image":false,"_genesis_hide_footer_widgets":false,"_genesis_custom_body_class":"","_genesis_custom_post_class":"","_genesis_layout":"full-width-content","footnotes":""},"class_list":{"0":"post-4999","1":"page","2":"type-page","3":"status-publish","5":"entry"},"featured_image_src":null,"featured_image_src_square":null,"_links":{"self":[{"href":"https:\/\/feuerwehr-kollnburg.de\/index.php?rest_route=\/wp\/v2\/pages\/4999","targetHints":{"allow":["GET"]}}],"collection":[{"href":"https:\/\/feuerwehr-kollnburg.de\/index.php?rest_route=\/wp\/v2\/pages"}],"about":[{"href":"https:\/\/feuerwehr-kollnburg.de\/index.php?rest_route=\/wp\/v2\/types\/page"}],"author":[{"embeddable":true,"href":"https:\/\/feuerwehr-kollnburg.de\/index.php?rest_route=\/wp\/v2\/users\/1"}],"replies":[{"embeddable":true,"href":"https:\/\/feuerwehr-kollnburg.de\/index.php?rest_route=%2Fwp%2Fv2%2Fcomments&post=4999"}],"version-history":[{"count":1,"href":"https:\/\/feuerwehr-kollnburg.de\/index.php?rest_route=\/wp\/v2\/pages\/4999\/revisions"}],"predecessor-version":[{"id":5002,"href":"https:\/\/feuerwehr-kollnburg.de\/index.php?rest_route=\/wp\/v2\/pages\/4999\/revisions\/5002"}],"wp:attachment":[{"href":"https:\/\/feuerwehr-kollnburg.de\/index.php?rest_route=%2Fwp%2Fv2%2Fmedia&parent=4999"}],"curies":[{"name":"wp","href":"https:\/\/api.w.org\/{rel}","templated":true}]}}