{"id":3773,"date":"2020-12-31T09:48:05","date_gmt":"2020-12-31T09:48:05","guid":{"rendered":"https:\/\/feuerwehr-kollnburg.de\/?page_id=3773"},"modified":"2020-12-31T09:48:06","modified_gmt":"2020-12-31T09:48:06","slug":"uebung-fuer-maschinisten-17-09-2019","status":"publish","type":"page","link":"https:\/\/feuerwehr-kollnburg.de\/?page_id=3773","title":{"rendered":"\u00dcbung f\u00fcr Maschinisten 17.09.2019"},"content":{"rendered":"\n<p>Am Dienstag, 17.09.2019. \u00fcbten unsere Maschinisten. Zu den Themen z\u00e4hlten unter anderm Pumpenkunde, Wasserf\u00f6rderung, Stromerzeuger und Beleuchtung. <\/p>\n\n\n\n<figure class=\"wp-block-gallery columns-3 is-cropped wp-block-gallery-1 is-layout-flex wp-block-gallery-is-layout-flex\"><ul class=\"blocks-gallery-grid\"><li class=\"blocks-gallery-item\"><figure><a href=\"https:\/\/feuerwehr-kollnburg.de\/wp-content\/uploads\/2020\/12\/70478545_1114675382064010_8957776172712722432_o.jpg\"><img loading=\"lazy\" decoding=\"async\" width=\"1024\" height=\"768\" src=\"https:\/\/feuerwehr-kollnburg.de\/wp-content\/uploads\/2020\/12\/70478545_1114675382064010_8957776172712722432_o-1024x768.jpg\" alt=\"\" data-id=\"3774\" data-full-url=\"https:\/\/feuerwehr-kollnburg.de\/wp-content\/uploads\/2020\/12\/70478545_1114675382064010_8957776172712722432_o.jpg\" data-link=\"https:\/\/feuerwehr-kollnburg.de\/?attachment_id=3774\" class=\"wp-image-3774\" srcset=\"https:\/\/feuerwehr-kollnburg.de\/wp-content\/uploads\/2020\/12\/70478545_1114675382064010_8957776172712722432_o-1024x768.jpg 1024w, https:\/\/feuerwehr-kollnburg.de\/wp-content\/uploads\/2020\/12\/70478545_1114675382064010_8957776172712722432_o-300x225.jpg 300w, https:\/\/feuerwehr-kollnburg.de\/wp-content\/uploads\/2020\/12\/70478545_1114675382064010_8957776172712722432_o-768x576.jpg 768w, https:\/\/feuerwehr-kollnburg.de\/wp-content\/uploads\/2020\/12\/70478545_1114675382064010_8957776172712722432_o-1536x1152.jpg 1536w, https:\/\/feuerwehr-kollnburg.de\/wp-content\/uploads\/2020\/12\/70478545_1114675382064010_8957776172712722432_o-702x526.jpg 702w, https:\/\/feuerwehr-kollnburg.de\/wp-content\/uploads\/2020\/12\/70478545_1114675382064010_8957776172712722432_o.jpg 1600w\" sizes=\"auto, (max-width: 1024px) 100vw, 1024px\" \/><\/a><\/figure><\/li><li class=\"blocks-gallery-item\"><figure><a href=\"https:\/\/feuerwehr-kollnburg.de\/wp-content\/uploads\/2020\/12\/70793398_1114675408730674_6779062975689916416_o.jpg\"><img loading=\"lazy\" decoding=\"async\" width=\"1024\" height=\"768\" src=\"https:\/\/feuerwehr-kollnburg.de\/wp-content\/uploads\/2020\/12\/70793398_1114675408730674_6779062975689916416_o-1024x768.jpg\" alt=\"\" data-id=\"3775\" data-full-url=\"https:\/\/feuerwehr-kollnburg.de\/wp-content\/uploads\/2020\/12\/70793398_1114675408730674_6779062975689916416_o.jpg\" data-link=\"https:\/\/feuerwehr-kollnburg.de\/?attachment_id=3775\" class=\"wp-image-3775\" srcset=\"https:\/\/feuerwehr-kollnburg.de\/wp-content\/uploads\/2020\/12\/70793398_1114675408730674_6779062975689916416_o-1024x768.jpg 1024w, https:\/\/feuerwehr-kollnburg.de\/wp-content\/uploads\/2020\/12\/70793398_1114675408730674_6779062975689916416_o-300x225.jpg 300w, https:\/\/feuerwehr-kollnburg.de\/wp-content\/uploads\/2020\/12\/70793398_1114675408730674_6779062975689916416_o-768x576.jpg 768w, https:\/\/feuerwehr-kollnburg.de\/wp-content\/uploads\/2020\/12\/70793398_1114675408730674_6779062975689916416_o-1536x1152.jpg 1536w, https:\/\/feuerwehr-kollnburg.de\/wp-content\/uploads\/2020\/12\/70793398_1114675408730674_6779062975689916416_o-702x526.jpg 702w, https:\/\/feuerwehr-kollnburg.de\/wp-content\/uploads\/2020\/12\/70793398_1114675408730674_6779062975689916416_o.jpg 1600w\" sizes=\"auto, (max-width: 1024px) 100vw, 1024px\" \/><\/a><\/figure><\/li><li class=\"blocks-gallery-item\"><figure><a href=\"https:\/\/feuerwehr-kollnburg.de\/wp-content\/uploads\/2020\/12\/70831389_1114675372064011_6219082279189217280_o.jpg\"><img loading=\"lazy\" decoding=\"async\" width=\"1024\" height=\"768\" src=\"https:\/\/feuerwehr-kollnburg.de\/wp-content\/uploads\/2020\/12\/70831389_1114675372064011_6219082279189217280_o-1024x768.jpg\" alt=\"\" data-id=\"3776\" data-full-url=\"https:\/\/feuerwehr-kollnburg.de\/wp-content\/uploads\/2020\/12\/70831389_1114675372064011_6219082279189217280_o.jpg\" data-link=\"https:\/\/feuerwehr-kollnburg.de\/?attachment_id=3776\" class=\"wp-image-3776\" srcset=\"https:\/\/feuerwehr-kollnburg.de\/wp-content\/uploads\/2020\/12\/70831389_1114675372064011_6219082279189217280_o-1024x768.jpg 1024w, https:\/\/feuerwehr-kollnburg.de\/wp-content\/uploads\/2020\/12\/70831389_1114675372064011_6219082279189217280_o-300x225.jpg 300w, https:\/\/feuerwehr-kollnburg.de\/wp-content\/uploads\/2020\/12\/70831389_1114675372064011_6219082279189217280_o-768x576.jpg 768w, https:\/\/feuerwehr-kollnburg.de\/wp-content\/uploads\/2020\/12\/70831389_1114675372064011_6219082279189217280_o-1536x1152.jpg 1536w, https:\/\/feuerwehr-kollnburg.de\/wp-content\/uploads\/2020\/12\/70831389_1114675372064011_6219082279189217280_o-702x526.jpg 702w, https:\/\/feuerwehr-kollnburg.de\/wp-content\/uploads\/2020\/12\/70831389_1114675372064011_6219082279189217280_o.jpg 1600w\" sizes=\"auto, (max-width: 1024px) 100vw, 1024px\" \/><\/a><\/figure><\/li><li class=\"blocks-gallery-item\"><figure><a href=\"https:\/\/feuerwehr-kollnburg.de\/wp-content\/uploads\/2020\/12\/71002217_1114675678730647_7529514888968798208_o.jpg\"><img loading=\"lazy\" decoding=\"async\" width=\"1024\" height=\"768\" src=\"https:\/\/feuerwehr-kollnburg.de\/wp-content\/uploads\/2020\/12\/71002217_1114675678730647_7529514888968798208_o-1024x768.jpg\" alt=\"\" data-id=\"3777\" data-full-url=\"https:\/\/feuerwehr-kollnburg.de\/wp-content\/uploads\/2020\/12\/71002217_1114675678730647_7529514888968798208_o.jpg\" data-link=\"https:\/\/feuerwehr-kollnburg.de\/?attachment_id=3777\" class=\"wp-image-3777\" srcset=\"https:\/\/feuerwehr-kollnburg.de\/wp-content\/uploads\/2020\/12\/71002217_1114675678730647_7529514888968798208_o-1024x768.jpg 1024w, https:\/\/feuerwehr-kollnburg.de\/wp-content\/uploads\/2020\/12\/71002217_1114675678730647_7529514888968798208_o-300x225.jpg 300w, https:\/\/feuerwehr-kollnburg.de\/wp-content\/uploads\/2020\/12\/71002217_1114675678730647_7529514888968798208_o-768x576.jpg 768w, https:\/\/feuerwehr-kollnburg.de\/wp-content\/uploads\/2020\/12\/71002217_1114675678730647_7529514888968798208_o-1536x1152.jpg 1536w, https:\/\/feuerwehr-kollnburg.de\/wp-content\/uploads\/2020\/12\/71002217_1114675678730647_7529514888968798208_o-702x526.jpg 702w, https:\/\/feuerwehr-kollnburg.de\/wp-content\/uploads\/2020\/12\/71002217_1114675678730647_7529514888968798208_o.jpg 1600w\" sizes=\"auto, (max-width: 1024px) 100vw, 1024px\" \/><\/a><\/figure><\/li><li class=\"blocks-gallery-item\"><figure><a href=\"https:\/\/feuerwehr-kollnburg.de\/wp-content\/uploads\/2020\/12\/71102000_1114675342064014_4483212680336769024_o.jpg\"><img loading=\"lazy\" decoding=\"async\" width=\"1024\" height=\"768\" src=\"https:\/\/feuerwehr-kollnburg.de\/wp-content\/uploads\/2020\/12\/71102000_1114675342064014_4483212680336769024_o-1024x768.jpg\" alt=\"\" data-id=\"3778\" data-full-url=\"https:\/\/feuerwehr-kollnburg.de\/wp-content\/uploads\/2020\/12\/71102000_1114675342064014_4483212680336769024_o.jpg\" data-link=\"https:\/\/feuerwehr-kollnburg.de\/?attachment_id=3778\" class=\"wp-image-3778\" srcset=\"https:\/\/feuerwehr-kollnburg.de\/wp-content\/uploads\/2020\/12\/71102000_1114675342064014_4483212680336769024_o-1024x768.jpg 1024w, https:\/\/feuerwehr-kollnburg.de\/wp-content\/uploads\/2020\/12\/71102000_1114675342064014_4483212680336769024_o-300x225.jpg 300w, https:\/\/feuerwehr-kollnburg.de\/wp-content\/uploads\/2020\/12\/71102000_1114675342064014_4483212680336769024_o-768x576.jpg 768w, https:\/\/feuerwehr-kollnburg.de\/wp-content\/uploads\/2020\/12\/71102000_1114675342064014_4483212680336769024_o-1536x1152.jpg 1536w, https:\/\/feuerwehr-kollnburg.de\/wp-content\/uploads\/2020\/12\/71102000_1114675342064014_4483212680336769024_o-702x526.jpg 702w, https:\/\/feuerwehr-kollnburg.de\/wp-content\/uploads\/2020\/12\/71102000_1114675342064014_4483212680336769024_o.jpg 1600w\" sizes=\"auto, (max-width: 1024px) 100vw, 1024px\" \/><\/a><\/figure><\/li><\/ul><\/figure>\n","protected":false},"excerpt":{"rendered":"<p>Am Dienstag, 17.09.2019. \u00fcbten unsere Maschinisten. Zu den Themen z\u00e4hlten unter anderm Pumpenkunde, Wasserf\u00f6rderung, Stromerzeuger und Beleuchtung.<\/p>\n","protected":false},"author":1,"featured_media":0,"parent":3022,"menu_order":0,"comment_status":"closed","ping_status":"closed","template":"","meta":{"_genesis_hide_title":false,"_genesis_hide_breadcrumbs":false,"_genesis_hide_singular_image":false,"_genesis_hide_footer_widgets":false,"_genesis_custom_body_class":"","_genesis_custom_post_class":"","_genesis_layout":"full-width-content","footnotes":""},"class_list":{"0":"post-3773","1":"page","2":"type-page","3":"status-publish","5":"entry"},"featured_image_src":null,"featured_image_src_square":null,"_links":{"self":[{"href":"https:\/\/feuerwehr-kollnburg.de\/index.php?rest_route=\/wp\/v2\/pages\/3773","targetHints":{"allow":["GET"]}}],"collection":[{"href":"https:\/\/feuerwehr-kollnburg.de\/index.php?rest_route=\/wp\/v2\/pages"}],"about":[{"href":"https:\/\/feuerwehr-kollnburg.de\/index.php?rest_route=\/wp\/v2\/types\/page"}],"author":[{"embeddable":true,"href":"https:\/\/feuerwehr-kollnburg.de\/index.php?rest_route=\/wp\/v2\/users\/1"}],"replies":[{"embeddable":true,"href":"https:\/\/feuerwehr-kollnburg.de\/index.php?rest_route=%2Fwp%2Fv2%2Fcomments&post=3773"}],"version-history":[{"count":1,"href":"https:\/\/feuerwehr-kollnburg.de\/index.php?rest_route=\/wp\/v2\/pages\/3773\/revisions"}],"predecessor-version":[{"id":3779,"href":"https:\/\/feuerwehr-kollnburg.de\/index.php?rest_route=\/wp\/v2\/pages\/3773\/revisions\/3779"}],"up":[{"embeddable":true,"href":"https:\/\/feuerwehr-kollnburg.de\/index.php?rest_route=\/wp\/v2\/pages\/3022"}],"wp:attachment":[{"href":"https:\/\/feuerwehr-kollnburg.de\/index.php?rest_route=%2Fwp%2Fv2%2Fmedia&parent=3773"}],"curies":[{"name":"wp","href":"https:\/\/api.w.org\/{rel}","templated":true}]}}