{"id":3590,"date":"2020-12-29T17:42:45","date_gmt":"2020-12-29T17:42:45","guid":{"rendered":"https:\/\/feuerwehr-kollnburg.de\/?page_id=3590"},"modified":"2020-12-29T18:37:33","modified_gmt":"2020-12-29T18:37:33","slug":"einsaetze-2012","status":"publish","type":"page","link":"https:\/\/feuerwehr-kollnburg.de\/?page_id=3590","title":{"rendered":"Eins\u00e4tze 2012"},"content":{"rendered":"\n<figure class=\"wp-block-table is-style-regular\"><table class=\"\"><tbody><tr><td><strong>Datum<\/strong><\/td><td><strong>Einsatzstichwort<\/strong><\/td><td><strong>Ort<\/strong><\/td><td>&nbsp;<\/td><\/tr><tr><td>31.12.2012<\/td><td>B 3 Brand Zimmer<\/td><td>Reichsdorf<\/td><\/tr><tr><td>07.08.2012<\/td><td><a href=\"https:\/\/feuerwehr-kollnburg.de\/?page_id=3726\">VU PKW&nbsp;\u00dcberschlag ST 2139 <\/a><\/td><td>Kollnburg  <\/td><td><\/td><\/tr><tr><td>22.07.2012<\/td><td>P Wohnung <\/td><td>Hochstra\u00df  <\/td><td><\/td><\/tr><tr><td>10.06.2012<\/td><td>B3 Brand Rauchentwicklung <\/td><td>Hetzelsdorf  <\/td><td><\/td><\/tr><tr><td>31.05.2012<\/td><td><a href=\"https:\/\/feuerwehr-kollnburg.de\/?page_id=3735\">B4 Brand ausgedehntes Geb\u00e4ude <\/a><\/td><td>Allersdorf  <\/td><td><\/td><\/tr><tr><td>27.05.2012<\/td><td><a href=\"https:\/\/feuerwehr-kollnburg.de\/?page_id=3748\">B3 Brand Rauchenwicklung <\/a><\/td><td>Igleinsberg  <\/td><td><\/td><\/tr><tr><td>23.05.2012<\/td><td>B Wald <\/td><td>Schlatzendorf  <\/td><td><\/td><\/tr><tr><td>28.04.2012<\/td><td>Erkundung Rauchentwicklung <\/td><td>Hinterviechtach  <\/td><td><\/td><\/tr><tr><td>17.03.2012<\/td><td><a href=\"https:\/\/feuerwehr-kollnburg.de\/?page_id=3742\">B Wald <\/a><\/td><td>Baierweg  <\/td><td><\/td><\/tr><tr><td>30.01.2012<\/td><td><a href=\"https:\/\/feuerwehr-kollnburg.de\/?page_id=3754\">B5 Brand S\u00e4gewerk<\/a><\/td><td>Aum\u00fchle   <\/td><td><\/td><\/tr><\/tbody><\/table><\/figure>\n","protected":false},"excerpt":{"rendered":"<p>Datum Einsatzstichwort Ort &nbsp; 31.12.2012 B 3 Brand Zimmer Reichsdorf 07.08.2012 VU PKW&nbsp;\u00dcberschlag ST 2139 Kollnburg 22.07.2012 P Wohnung Hochstra\u00df 10.06.2012 B3 Brand Rauchentwicklung Hetzelsdorf 31.05.2012 B4 Brand ausgedehntes Geb\u00e4ude Allersdorf 27.05.2012 B3 Brand Rauchenwicklung Igleinsberg 23.05.2012 B Wald Schlatzendorf 28.04.2012 Erkundung Rauchentwicklung Hinterviechtach 17.03.2012 B Wald Baierweg 30.01.2012 B5 Brand S\u00e4gewerk Aum\u00fchle<\/p>\n","protected":false},"author":1,"featured_media":0,"parent":514,"menu_order":0,"comment_status":"closed","ping_status":"closed","template":"","meta":{"_genesis_hide_title":false,"_genesis_hide_breadcrumbs":false,"_genesis_hide_singular_image":false,"_genesis_hide_footer_widgets":false,"_genesis_custom_body_class":"","_genesis_custom_post_class":"","_genesis_layout":"full-width-content","footnotes":""},"class_list":{"0":"post-3590","1":"page","2":"type-page","3":"status-publish","5":"entry"},"featured_image_src":null,"featured_image_src_square":null,"_links":{"self":[{"href":"https:\/\/feuerwehr-kollnburg.de\/index.php?rest_route=\/wp\/v2\/pages\/3590","targetHints":{"allow":["GET"]}}],"collection":[{"href":"https:\/\/feuerwehr-kollnburg.de\/index.php?rest_route=\/wp\/v2\/pages"}],"about":[{"href":"https:\/\/feuerwehr-kollnburg.de\/index.php?rest_route=\/wp\/v2\/types\/page"}],"author":[{"embeddable":true,"href":"https:\/\/feuerwehr-kollnburg.de\/index.php?rest_route=\/wp\/v2\/users\/1"}],"replies":[{"embeddable":true,"href":"https:\/\/feuerwehr-kollnburg.de\/index.php?rest_route=%2Fwp%2Fv2%2Fcomments&post=3590"}],"version-history":[{"count":8,"href":"https:\/\/feuerwehr-kollnburg.de\/index.php?rest_route=\/wp\/v2\/pages\/3590\/revisions"}],"predecessor-version":[{"id":3770,"href":"https:\/\/feuerwehr-kollnburg.de\/index.php?rest_route=\/wp\/v2\/pages\/3590\/revisions\/3770"}],"up":[{"embeddable":true,"href":"https:\/\/feuerwehr-kollnburg.de\/index.php?rest_route=\/wp\/v2\/pages\/514"}],"wp:attachment":[{"href":"https:\/\/feuerwehr-kollnburg.de\/index.php?rest_route=%2Fwp%2Fv2%2Fmedia&parent=3590"}],"curies":[{"name":"wp","href":"https:\/\/api.w.org\/{rel}","templated":true}]}}

Einsätze 2012

<figure class="wp-block-table is-style-regular"><table class=""><tbody><tr><td><strong>Datum</strong></td><td><strong>Einsatzstichwort</strong></td><td><strong>Ort</strong></td><td>&nbsp;</td></tr><tr><td>31.12.2012</td><td>B 3 Brand Zimmer</td><td>Reichsdorf</td></tr><tr><td>07.08.2012</td><td><a href="https://feuerwehr-kollnburg.de/?page_id=3726">VU PKW&nbsp;Überschlag ST 2139 </a></td><td>Kollnburg  </td><td></td></tr><tr><td>22.07.2012</td><td>P Wohnung </td><td>Hochstraß  </td><td></td></tr><tr><td>10.06.2012</td><td>B3 Brand Rauchentwicklung </td><td>Hetzelsdorf  </td><td></td></tr><tr><td>31.05.2012</td><td><a href="https://feuerwehr-kollnburg.de/?page_id=3735">B4 Brand ausgedehntes Gebäude </a></td><td>Allersdorf  </td><td></td></tr><tr><td>27.05.2012</td><td><a href="https://feuerwehr-kollnburg.de/?page_id=3748">B3 Brand Rauchenwicklung </a></td><td>Igleinsberg  </td><td></td></tr><tr><td>23.05.2012</td><td>B Wald </td><td>Schlatzendorf  </td><td></td></tr><tr><td>28.04.2012</td><td>Erkundung Rauchentwicklung </td><td>Hinterviechtach  </td><td></td></tr><tr><td>17.03.2012</td><td><a href="https://feuerwehr-kollnburg.de/?page_id=3742">B Wald </a></td><td>Baierweg  </td><td></td></tr><tr><td>30.01.2012</td><td><a href="https://feuerwehr-kollnburg.de/?page_id=3754">B5 Brand Sägewerk</a></td><td>Aumühle   </td><td></td></tr></tbody></table></figure>

<p>Datum Einsatzstichwort Ort &nbsp; 31.12.2012 B 3 Brand Zimmer Reichsdorf 07.08.2012 VU PKW&nbsp;Überschlag ST 2139 Kollnburg 22.07.2012 P Wohnung Hochstraß 10.06.2012 B3 Brand Rauchentwicklung Hetzelsdorf 31.05.2012 B4 Brand ausgedehntes Gebäude Allersdorf 27.05.2012 B3 Brand Rauchenwicklung Igleinsberg 23.05.2012 B Wald Schlatzendorf 28.04.2012 Erkundung Rauchentwicklung Hinterviechtach 17.03.2012 B Wald Baierweg 30.01.2012 B5 Brand Sägewerk Aumühle</p>
