{"id":3014,"date":"2020-11-28T16:26:23","date_gmt":"2020-11-28T16:26:23","guid":{"rendered":"https:\/\/feuerwehr-kollnburg.de\/?page_id=3014"},"modified":"2020-12-05T08:09:25","modified_gmt":"2020-12-05T08:09:25","slug":"atemschutz-gruppe","status":"publish","type":"page","link":"https:\/\/feuerwehr-kollnburg.de\/?page_id=3014","title":{"rendered":"Atemschutz"},"content":{"rendered":"\n<h2 class=\"wp-block-heading\">Ausbilder<\/h2>\n\n\n\n<figure class=\"wp-block-image size-large is-resized\"><img loading=\"lazy\" decoding=\"async\" src=\"https:\/\/feuerwehr-kollnburg.de\/wp-content\/uploads\/2020\/11\/Atemschutz-1024x351.png\" alt=\"\" class=\"wp-image-3015\" width=\"768\" height=\"263\" srcset=\"https:\/\/feuerwehr-kollnburg.de\/wp-content\/uploads\/2020\/11\/Atemschutz-1024x351.png 1024w, https:\/\/feuerwehr-kollnburg.de\/wp-content\/uploads\/2020\/11\/Atemschutz-300x103.png 300w, https:\/\/feuerwehr-kollnburg.de\/wp-content\/uploads\/2020\/11\/Atemschutz-768x263.png 768w, https:\/\/feuerwehr-kollnburg.de\/wp-content\/uploads\/2020\/11\/Atemschutz.png 1279w\" sizes=\"auto, (max-width: 768px) 100vw, 768px\" \/><\/figure>\n\n\n\n<h2 class=\"wp-block-heading\">Informationen zum Atemschutz<\/h2>\n\n\n\n<figure class=\"wp-block-table is-style-regular\"><table class=\"\"><tbody><tr><td><img loading=\"lazy\" decoding=\"async\" width=\"150\" height=\"225\" class=\"wp-image-3019\" style=\"width: 150px;\" src=\"https:\/\/feuerwehr-kollnburg.de\/wp-content\/uploads\/2020\/11\/Atemschutz_Vorschau.jpg\" alt=\"\" srcset=\"https:\/\/feuerwehr-kollnburg.de\/wp-content\/uploads\/2020\/11\/Atemschutz_Vorschau.jpg 418w, https:\/\/feuerwehr-kollnburg.de\/wp-content\/uploads\/2020\/11\/Atemschutz_Vorschau-200x300.jpg 200w\" sizes=\"auto, (max-width: 150px) 100vw, 150px\" \/><br><a rel=\"noreferrer noopener\" aria-label=\"Informationen zum Atemschutz (\u00f6ffnet in neuem Tab)\" href=\"https:\/\/feuerwehr-kollnburg.de\/wp-content\/uploads\/2020\/11\/beschreibung_atemschutz.pdf\" target=\"_blank\">Informationen zum Atemschutz<\/a><\/td><\/tr><\/tbody><\/table><\/figure>\n\n\n\n<h2 class=\"wp-block-heading\">Atemschutz-\u00dcbungen<\/h2>\n\n\n\n<figure class=\"wp-block-table is-style-regular\"><table class=\"\"><tbody><tr><td><img loading=\"lazy\" decoding=\"async\" width=\"150\" height=\"100\" class=\"wp-image-3144\" style=\"width: 150px;\" src=\"https:\/\/feuerwehr-kollnburg.de\/wp-content\/uploads\/2020\/11\/foto_008-24.jpg\" alt=\"\" srcset=\"https:\/\/feuerwehr-kollnburg.de\/wp-content\/uploads\/2020\/11\/foto_008-24.jpg 448w, https:\/\/feuerwehr-kollnburg.de\/wp-content\/uploads\/2020\/11\/foto_008-24-300x200.jpg 300w\" sizes=\"auto, (max-width: 150px) 100vw, 150px\" \/><br><a href=\"https:\/\/feuerwehr-kollnburg.de\/?page_id=3136\">\u00dcbung &#8211; Atemschutz &#8211; Anwesen Wilhelm Rechertsried mit FFW Sankt Englmar<\/a> <\/td><\/tr><tr><td><img loading=\"lazy\" decoding=\"async\" width=\"150\" height=\"100\" class=\"wp-image-3150\" style=\"width: 150px;\" src=\"https:\/\/feuerwehr-kollnburg.de\/wp-content\/uploads\/2020\/11\/foto_003-27.jpg\" alt=\"\" srcset=\"https:\/\/feuerwehr-kollnburg.de\/wp-content\/uploads\/2020\/11\/foto_003-27.jpg 448w, https:\/\/feuerwehr-kollnburg.de\/wp-content\/uploads\/2020\/11\/foto_003-27-300x200.jpg 300w\" sizes=\"auto, (max-width: 150px) 100vw, 150px\" \/><br><a href=\"https:\/\/feuerwehr-kollnburg.de\/?page_id=3147\">WBK-Training Sch\u00f6llnach <\/a><\/td><\/tr><tr><td><img loading=\"lazy\" decoding=\"async\" width=\"150\" height=\"113\" class=\"wp-image-3165\" style=\"width: 150px;\" src=\"https:\/\/feuerwehr-kollnburg.de\/wp-content\/uploads\/2020\/11\/foto_004-27.jpg\" alt=\"\" srcset=\"https:\/\/feuerwehr-kollnburg.de\/wp-content\/uploads\/2020\/11\/foto_004-27.jpg 448w, https:\/\/feuerwehr-kollnburg.de\/wp-content\/uploads\/2020\/11\/foto_004-27-300x225.jpg 300w\" sizes=\"auto, (max-width: 150px) 100vw, 150px\" \/><br><a href=\"https:\/\/feuerwehr-kollnburg.de\/?page_id=3158\">\u00dcbung &#8211; Atemschutz &#8211; Aparthotel Sankt Englmar<\/a> <\/td><\/tr><tr><td><img loading=\"lazy\" decoding=\"async\" width=\"150\" height=\"113\" class=\"wp-image-3191\" style=\"width: 150px;\" src=\"https:\/\/feuerwehr-kollnburg.de\/wp-content\/uploads\/2020\/11\/IMG_0180-1.jpg\" alt=\"\" srcset=\"https:\/\/feuerwehr-kollnburg.de\/wp-content\/uploads\/2020\/11\/IMG_0180-1.jpg 320w, https:\/\/feuerwehr-kollnburg.de\/wp-content\/uploads\/2020\/11\/IMG_0180-1-300x225.jpg 300w\" sizes=\"auto, (max-width: 150px) 100vw, 150px\" \/><br><a href=\"https:\/\/feuerwehr-kollnburg.de\/?page_id=3160\">\u00dcbung &#8211; Atemschutz &#8211; FFW-Haus <\/a><\/td><\/tr><tr><td><img loading=\"lazy\" decoding=\"async\" width=\"150\" height=\"113\" class=\"wp-image-3175\" style=\"width: 150px;\" src=\"https:\/\/feuerwehr-kollnburg.de\/wp-content\/uploads\/2020\/11\/IMG_0329.jpg\" alt=\"\"><br><a href=\"https:\/\/feuerwehr-kollnburg.de\/?page_id=3159\">\u00dcbung &#8211; Atemschutz &#8211;&nbsp;Hotel zum Br\u00e4u <\/a><\/td><\/tr><tr><td><img loading=\"lazy\" decoding=\"async\" width=\"150\" height=\"200\" class=\"wp-image-3201\" style=\"width: 150px;\" src=\"https:\/\/feuerwehr-kollnburg.de\/wp-content\/uploads\/2020\/11\/atemschutz_01.jpg\" alt=\"\"> <br><a href=\"https:\/\/feuerwehr-kollnburg.de\/?page_id=3161\">\u00dcbung &#8211; Atemschutz &#8211; Hotel zum Br\u00e4u 2005<\/a> <\/td><\/tr><\/tbody><\/table><\/figure>\n","protected":false},"excerpt":{"rendered":"<p>Ausbilder Informationen zum Atemschutz Informationen zum Atemschutz Atemschutz-\u00dcbungen \u00dcbung &#8211; Atemschutz &#8211; Anwesen Wilhelm Rechertsried mit FFW Sankt Englmar WBK-Training Sch\u00f6llnach \u00dcbung &#8211; Atemschutz &#8211; Aparthotel Sankt Englmar \u00dcbung &#8211; Atemschutz &#8211; FFW-Haus \u00dcbung &#8211; Atemschutz &#8211;&nbsp;Hotel zum Br\u00e4u \u00dcbung &#8211; Atemschutz &#8211; Hotel zum Br\u00e4u 2005<\/p>\n","protected":false},"author":1,"featured_media":0,"parent":3438,"menu_order":0,"comment_status":"closed","ping_status":"closed","template":"","meta":{"_genesis_hide_title":false,"_genesis_hide_breadcrumbs":false,"_genesis_hide_singular_image":false,"_genesis_hide_footer_widgets":false,"_genesis_custom_body_class":"","_genesis_custom_post_class":"","_genesis_layout":"full-width-content","footnotes":""},"class_list":{"0":"post-3014","1":"page","2":"type-page","3":"status-publish","5":"entry"},"featured_image_src":null,"featured_image_src_square":null,"_links":{"self":[{"href":"https:\/\/feuerwehr-kollnburg.de\/index.php?rest_route=\/wp\/v2\/pages\/3014","targetHints":{"allow":["GET"]}}],"collection":[{"href":"https:\/\/feuerwehr-kollnburg.de\/index.php?rest_route=\/wp\/v2\/pages"}],"about":[{"href":"https:\/\/feuerwehr-kollnburg.de\/index.php?rest_route=\/wp\/v2\/types\/page"}],"author":[{"embeddable":true,"href":"https:\/\/feuerwehr-kollnburg.de\/index.php?rest_route=\/wp\/v2\/users\/1"}],"replies":[{"embeddable":true,"href":"https:\/\/feuerwehr-kollnburg.de\/index.php?rest_route=%2Fwp%2Fv2%2Fcomments&post=3014"}],"version-history":[{"count":12,"href":"https:\/\/feuerwehr-kollnburg.de\/index.php?rest_route=\/wp\/v2\/pages\/3014\/revisions"}],"predecessor-version":[{"id":3461,"href":"https:\/\/feuerwehr-kollnburg.de\/index.php?rest_route=\/wp\/v2\/pages\/3014\/revisions\/3461"}],"up":[{"embeddable":true,"href":"https:\/\/feuerwehr-kollnburg.de\/index.php?rest_route=\/wp\/v2\/pages\/3438"}],"wp:attachment":[{"href":"https:\/\/feuerwehr-kollnburg.de\/index.php?rest_route=%2Fwp%2Fv2%2Fmedia&parent=3014"}],"curies":[{"name":"wp","href":"https:\/\/api.w.org\/{rel}","templated":true}]}}

<h2 class="wp-block-heading">Ausbilder</h2>



<figure class="wp-block-image size-large is-resized"><img loading="lazy" decoding="async" src="https://feuerwehr-kollnburg.de/wp-content/uploads/2020/11/Atemschutz-1024x351.png" alt="" class="wp-image-3015" width="768" height="263" srcset="https://feuerwehr-kollnburg.de/wp-content/uploads/2020/11/Atemschutz-1024x351.png 1024w, https://feuerwehr-kollnburg.de/wp-content/uploads/2020/11/Atemschutz-300x103.png 300w, https://feuerwehr-kollnburg.de/wp-content/uploads/2020/11/Atemschutz-768x263.png 768w, https://feuerwehr-kollnburg.de/wp-content/uploads/2020/11/Atemschutz.png 1279w" sizes="auto, (max-width: 768px) 100vw, 768px" /></figure>



<h2 class="wp-block-heading">Informationen zum Atemschutz</h2>



<figure class="wp-block-table is-style-regular"><table class=""><tbody><tr><td><img loading="lazy" decoding="async" width="150" height="225" class="wp-image-3019" style="width: 150px;" src="https://feuerwehr-kollnburg.de/wp-content/uploads/2020/11/Atemschutz_Vorschau.jpg" alt="" srcset="https://feuerwehr-kollnburg.de/wp-content/uploads/2020/11/Atemschutz_Vorschau.jpg 418w, https://feuerwehr-kollnburg.de/wp-content/uploads/2020/11/Atemschutz_Vorschau-200x300.jpg 200w" sizes="auto, (max-width: 150px) 100vw, 150px" /><br><a rel="noreferrer noopener" aria-label="Informationen zum Atemschutz (öffnet in neuem Tab)" href="https://feuerwehr-kollnburg.de/wp-content/uploads/2020/11/beschreibung_atemschutz.pdf" target="_blank">Informationen zum Atemschutz</a></td></tr></tbody></table></figure>



<h2 class="wp-block-heading">Atemschutz-Übungen</h2>



<figure class="wp-block-table is-style-regular"><table class=""><tbody><tr><td><img loading="lazy" decoding="async" width="150" height="100" class="wp-image-3144" style="width: 150px;" src="https://feuerwehr-kollnburg.de/wp-content/uploads/2020/11/foto_008-24.jpg" alt="" srcset="https://feuerwehr-kollnburg.de/wp-content/uploads/2020/11/foto_008-24.jpg 448w, https://feuerwehr-kollnburg.de/wp-content/uploads/2020/11/foto_008-24-300x200.jpg 300w" sizes="auto, (max-width: 150px) 100vw, 150px" /><br><a href="https://feuerwehr-kollnburg.de/?page_id=3136">Übung &#8211; Atemschutz &#8211; Anwesen Wilhelm Rechertsried mit FFW Sankt Englmar</a> </td></tr><tr><td><img loading="lazy" decoding="async" width="150" height="100" class="wp-image-3150" style="width: 150px;" src="https://feuerwehr-kollnburg.de/wp-content/uploads/2020/11/foto_003-27.jpg" alt="" srcset="https://feuerwehr-kollnburg.de/wp-content/uploads/2020/11/foto_003-27.jpg 448w, https://feuerwehr-kollnburg.de/wp-content/uploads/2020/11/foto_003-27-300x200.jpg 300w" sizes="auto, (max-width: 150px) 100vw, 150px" /><br><a href="https://feuerwehr-kollnburg.de/?page_id=3147">WBK-Training Schöllnach </a></td></tr><tr><td><img loading="lazy" decoding="async" width="150" height="113" class="wp-image-3165" style="width: 150px;" src="https://feuerwehr-kollnburg.de/wp-content/uploads/2020/11/foto_004-27.jpg" alt="" srcset="https://feuerwehr-kollnburg.de/wp-content/uploads/2020/11/foto_004-27.jpg 448w, https://feuerwehr-kollnburg.de/wp-content/uploads/2020/11/foto_004-27-300x225.jpg 300w" sizes="auto, (max-width: 150px) 100vw, 150px" /><br><a href="https://feuerwehr-kollnburg.de/?page_id=3158">Übung &#8211; Atemschutz &#8211; Aparthotel Sankt Englmar</a> </td></tr><tr><td><img loading="lazy" decoding="async" width="150" height="113" class="wp-image-3191" style="width: 150px;" src="https://feuerwehr-kollnburg.de/wp-content/uploads/2020/11/IMG_0180-1.jpg" alt="" srcset="https://feuerwehr-kollnburg.de/wp-content/uploads/2020/11/IMG_0180-1.jpg 320w, https://feuerwehr-kollnburg.de/wp-content/uploads/2020/11/IMG_0180-1-300x225.jpg 300w" sizes="auto, (max-width: 150px) 100vw, 150px" /><br><a href="https://feuerwehr-kollnburg.de/?page_id=3160">Übung &#8211; Atemschutz &#8211; FFW-Haus </a></td></tr><tr><td><img loading="lazy" decoding="async" width="150" height="113" class="wp-image-3175" style="width: 150px;" src="https://feuerwehr-kollnburg.de/wp-content/uploads/2020/11/IMG_0329.jpg" alt=""><br><a href="https://feuerwehr-kollnburg.de/?page_id=3159">Übung &#8211; Atemschutz &#8211;&nbsp;Hotel zum Bräu </a></td></tr><tr><td><img loading="lazy" decoding="async" width="150" height="200" class="wp-image-3201" style="width: 150px;" src="https://feuerwehr-kollnburg.de/wp-content/uploads/2020/11/atemschutz_01.jpg" alt=""> <br><a href="https://feuerwehr-kollnburg.de/?page_id=3161">Übung &#8211; Atemschutz &#8211; Hotel zum Bräu 2005</a> </td></tr></tbody></table></figure>

<p>Ausbilder Informationen zum Atemschutz Informationen zum Atemschutz Atemschutz-Übungen Übung &#8211; Atemschutz &#8211; Anwesen Wilhelm Rechertsried mit FFW Sankt Englmar WBK-Training Schöllnach Übung &#8211; Atemschutz &#8211; Aparthotel Sankt Englmar Übung &#8211; Atemschutz &#8211; FFW-Haus Übung &#8211; Atemschutz &#8211;&nbsp;Hotel zum Bräu Übung &#8211; Atemschutz &#8211; Hotel zum Bräu 2005</p>
